nder when 23 is divided by (0/1 - -17) + (3 - 5)?
8
Let y be ((-41)/4)/(4/16). Let b = y - -96. Calculate the remainder when b is divided by 19.
17
Calculate the remainder when 73 is divided by 4/(-1)*(-21)/4.
10
Calculate the remainder when 3*(-1)/6*-122 is divided by 21.
19
Suppose 6*j - 35 = 31. Calculate the remainder when 18 is divided by ((-4)/2 - -2) + j.
7
Let r(h) = h**3 + 5*h**2 + h - 7. Let x(o) = -2*o**3 - 9*o**2 - o + 13. Let j(c) = 9*r(c) + 4*x(c). Calculate the remainder when j(-8) is divided by 7.
6
Suppose 0 = 3*a - 5*q - 5, 0*a - 20 = -2*a - 5*q. What is the remainder when 6 is divided by a?
1
Let r = -1004 + 336. What is the remainder when 2/10 - r/10 is divided by 17?
16
What is the remainder when 30/35 + (-408)/(-14) is divided by 8?
6
Suppose 0 = 5*v - 2*h - 38, -5*v - h = -2*v - 14. Suppose 3*k = v*k - 30. Calculate the remainder when 18 is divided by k.
8
What is the remainder when 69 is divided by (-3)/(-6)*-2*-12?
9
Let r(x) = 4*x**2 + 5*x + 2. Let l(o) = 13*o**2 + 16*o + 6. Let h(f) = -2*l(f) + 7*r(f). What is the remainder when 2*(123/(-2))/(-3) is divided by h(-3)?
8
Suppose 0 = -3*l + 2*n + 38, -4*l + 28 = 4*n - 16. Calculate the remainder when l is divided by 5.
2
Let z be 13/(-2)*8/4. Let f(k) = k**3 - 5*k**2 + 6*k - 5. Let i be f(5). Let r = i + z. What is the remainder when 35 is divided by r?
11
Suppose 27 = 3*o + 4*t - 53, -12 = 3*t. Let r(s) be the first derivative of s**3/3 + s**2/2 - 3*s - 1. What is the remainder when o is divided by r(4)?
15
Let l be 33/15 - 3/15. Suppose 5*c - 2*r - r - 35 = 0, 5*c + l*r = 60. What is the remainder when c is divided by 3?
1
What is the remainder when 71 is divided by 5/10*-2 - -13?
11
Let g(t) = t**2 - 4. Let s = -2 - -5. What is the remainder when 13 is divided by g(s)?
3
Let v = -18 - -30. What is the remainder when 33 is divided by v?
9
Suppose -5*u + 3 + 2 = 0. Let h = -46 + 48. Calculate the remainder when h is divided by u.
0
Let i be (-4)/14 - 78/21. Let p(x) = -14*x + 2. Let z(k) = -k**3 + 6*k**2 - 2*k + 5. Calculate the remainder when p(i) is divided by z(5).
18
Suppose -5*n + 4*n + 3 = 0. Let i = 5 - n. Suppose 0 = i*m - 4*m + 20. What is the remainder when m is divided by 4?
2
Suppose 2*i + 5*w - 1057 = 0, 4*i + 2*w - 2074 = -0*w. Suppose -9*v + i = -3*v. Calculate the remainder when v is divided by 29.
28
Let p(x) = -x**3 + 17*x**2 + 18*x + 14. What is the remainder when 55 is divided by p(18)?
13
Suppose -9*c + 3*c = -66. Let w = 79 + -37. Calculate the remainder when w is divided by c.
9
Suppose -10 = -v + 4. Let k(n) = 2*n**2 - 10*n + 40. Calculate the remainder when k(5) is divided by v.
12
Let q = -80 + 93. What is the remainder when 87 is divided by q?
9
Let p be 95/35 + (-4)/(-14). Suppose 0 = -p*j + 18 + 15. Calculate the remainder when 32 is divided by j.
10
Suppose 0*c - 5*c + 3*n = -236, 15 = 5*n. What is the remainder when c is divided by 2*(0 + 1) + 11?
10
Let a(n) = 5*n**3 - n**2 - 2*n + 3. Let l be a(2). Let f(m) = m**2 - 3*m + 6. Let g be f(6). Let h = l - g. Calculate the remainder when h is divided by 4.
3
Let w be 172/(-14) + 2/7. Let m = w - -22. Let t(g) = -g**3 + 7*g**2 - 5*g - 2. What is the remainder when m is divided by t(6)?
2
Suppose 46 - 157 = -3*q. What is the remainder when 295 is divided by q?
36
Suppose 3*k = -0*m - 3*m + 27, -k - 4*m - 6 = 0. What is the remainder when 41 is divided by k?
13
Let h = 3 + 0. Suppose -x - 34 = -h*x. Suppose 5*y - 23 = x. Calculate the remainder when 22 is divided by y.
6
Let o be 1*-5*2/(-5). Suppose -o*p + 9 = p. Suppose 6*f - 3*f - p*q - 21 = 0, -3*q = 12. What is the remainder when 7 is divided by f?
1
Suppose 10 + 78 = 4*z. Let v = z - -4. Let q = -39 + 53. What is the remainder when v is divided by q?
12
Let m be 3/(6/10 - 0). Suppose m*s = 13 + 12. Suppose -5*v - 5*h - 14 = -34, -25 = -5*v - 4*h. What is the remainder when v is divided by s?
4
Suppose -8*y + 5 = -3*y, -4*z + y + 91 = 0. Calculate the remainder when 68 is divided by z.
22
Suppose -5*q = 10, -2*q - 38 = -2*o - 0*q. Let w(c) = -3*c - 2. Let p(y) = -y - 1. Let v(s) = 2*p(s) - w(s). What is the remainder when o is divided by v(6)?
5
Let x = -39 + 102. Suppose -x = -5*i - 2*n, 4*i + 2*n + n - 49 = 0. What is the remainder when 25 is divided by i?
12
Suppose q - 5 = -s, 15 + 5 = 5*q + 4*s. Suppose -2*w + 7*w - 125 = q. Calculate the remainder when w is divided by 9.
7
Let u = 22 + -13. Let m(r) = r + 6. Let f(z) = -z**3 - 6*z**2 + 3*z + 1. What is the remainder when f(-7) is divided by m(u)?
14
What is the remainder when 13 is divided by 4 + (-1)/(-3)*3?
3
What is the remainder when ((-3)/6)/((-6)/588) is divided by 10?
9
Let b = -11 + 16. Suppose b*i = 57 - 12. Calculate the remainder when 33 is divided by i.
6
Let t be (-1*3)/(0 + 1). What is the remainder when (-111)/(-9) - 2/t is divided by (3 + -5 - -9)*1?
6
Let x = 354 - 236. What is the remainder when ((-128)/6)/(-4)*6 is divided by 13/91 - x/(-7)?
15
Let x(k) = -k**3 + 9*k**2 + k + 2. Let s = -5 - -14. What is the remainder when 31 is divided by x(s)?
9
Suppose -4*w - t = -107, 0 = -0*w - 3*w - t + 81. Let r = w + -16. Calculate the remainder when r is divided by 6.
4
Suppose -4*z + 8*z - 97 = -3*w, -w - 4*z + 27 = 0. Suppose -5*y = -44 - 16. What is the remainder when w is divided by y?
11
Let o = -12 + 31. Calculate the remainder when 54 is divided by o.
16
Let y be 1*(-3)/6*0. Calculate the remainder when 57 is divided by (-1 + y)*-15*1.
12
Suppose -2*w = 2*l, -3*w - 16 = -l - 0. Suppose -5*q + 3*o = -o, -l*q = -5*o + 9. What is the remainder when 6 is divided by q?
2
Let c(w) be the second derivative of w**3/2 - 9*w**2/2 - 2*w. What is the remainder when 41 is divided by c(8)?
11
Let o(b) = b**3 - 6*b**2 + 5*b - 9. Suppose 0 = -a + 4*a - 18. Calculate the remainder when o(6) is divided by a.
3
Suppose -3*l + 13 = -11. What is the remainder when 26 is divided by l?
2
Suppose 3*x + 3 + 5 = -2*h, 0 = -3*x - h - 4. Suppose -5*t + x*t + 20 = 0. Let m(a) = -a**3 - 2*a**2 - 3*a. What is the remainder when m(-2) is divided by t?
2
Let v(z) = -z**3 + 9*z**2 - 16*z + 2. Calculate the remainder when 179 is divided by v(6).
11
Suppose -g - 7*g + 136 = 0. Suppose 20 = 5*w - 30. Calculate the remainder when g is divided by w.
7
Let z = -5 + 40. What is the remainder when z is divided by (-3)/((4/6)/(-2))?
8
Calculate the remainder when -1 + 30/(-40) + 502/8 is divided by 32.
29
Let n(p) = -p**2 - 7*p - 8. Let v be n(-6). Calculate the remainder when (-64)/(-12)*(5 + v) is divided by 9.
7
Let i(d) = 2*d**2 - 10*d + 6. Let l = 3 + -3. Suppose l = 3*u - 5*j - 5 - 0, 3*u = -4*j + 50. What is the remainder when i(6) is divided by u?
8
Let j(z) = 3*z**3 + 3*z**2 - 7*z + 4. What is the remainder when 100 is divided by j(2)?
22
Suppose -416 = -30*y + 17*y. What is the remainder when y is divided by 12?
8
Let j(o) = 2*o**3 + o**2 + 3*o - 2. Let m be j(2). Let f = -7 + m. Let k(w) = -w**3 - 5*w**2 - 3*w - 9. Calculate the remainder when f is divided by k(-5).
5
Suppose -4*v + 30 = 2*i, -4*i + v + 54 = 3*v. What is the remainder when 24 is divided by i?
11
Let v(w) = w + 2. Let y be v(-6). Let c = 2 - 0. Let z = c - y. What is the remainder when 11 is divided by z?
5
Suppose 0 = -15*b + 12*b + 27. What is the remainder when 25 is divided by b?
7
Let w(j) = j**3 - j**2 + 3*j + 5. Let u(n) = n**2 + 2*n + 7. What is the remainder when w(4) is divided by u(-5)?
21
Suppose 5 + 7 = 2*i. Suppose -v - v = 32. Let g = 0 - v. Calculate the remainder when g is divided by i.
4
Let x = 10 + 24. What is the remainder when x is divided by 7?
6
Let f(s) = -s**2 + 13*s + 2. Let x be f(13). Suppose 0 = x*y - 30 - 14. Calculate the remainder when y is divided by 12.
10
Let t(w) = w**3 - 2*w**2 - 2*w + 2. Let j be t(3). Suppose -5*c + m = -4*m - 70, j*c = -5*m + 70. Calculate the remainder when 27 is divided by c.
13
Suppose -9 + 87 = 6*s. Calculate the remainder when 22 is divided by s.
9
Let d(a) = a**2 + 13*a + 2. Let t be d(-13). Let k be 64/(-6) - t/(-3). What is the remainder when ((-66)/k + -3)*5 is divided by 7?
4
Suppose 0 = -4*t - p + 22, 2*p - 7*p + 8 = 3*t. What is the remainder when 17 is divided by t?
5
Suppose 0*h - 2*r = -2*h + 6, 0 = -2*h + 4*r + 16. Let z be (-3)/(h/((-8)/(-2))). Let f(y)